
Let u be (-7)/(-14)*2*3. Let q be 0 + u + -3 + 0. Suppose -5*a - 3*h + 70 = q, 0*a = -2*a + 3*h + 49. What is the tens digit of a?
1
Let g be -4 - -2 - (4 - -13). What is the units digit of g/57 + (-73)/(-3)?
4
Let u = -45 - -81. Let y = u + 6. What is the units digit of y?
2
Suppose -8 - 66 = -2*g - 2*h, -h = 2*g - 73. Let t = -15 + g. What is the units digit of t?
1
Suppose 0 = -39*g + 34*g + 515. What is the hundreds digit of g?
1
Let r(h) = -h**3 + 4*h**2 + 4*h + 3. Let a = 11 - 6. Let c be r(a). What is the units digit of c/((-6)/21) - 1?
6
Let i(r) = 3*r**3 - 3*r**2 - 2*r + 4. Let o be i(3). Suppose -6*t = -5*t - o. What is the units digit of t?
2
Suppose -w - 140 = -6*w. What is the units digit of w?
8
Let y be 4/(-14) - (-32)/14. Suppose g = y*g - 2. Suppose v + 58 = 5*b - 6, 28 = 2*b + g*v. What is the units digit of b?
3
Let y(n) = n**2 + 5*n. Let b(o) = -o**3 + 4*o**2 - o - 3. Let i be b(4). What is the tens digit of y(i)?
1
Let g = 213 - 132. What is the tens digit of g?
8
Suppose -2*h + 0*t + 4 = -t, -5*h + 5*t + 15 = 0. Let i = h - -2. What is the units digit of i?
3
Let d(h) = -h**3 - 2*h**2 + h - 3. Let v be d(-3). Suppose l - v = 24. What is the tens digit of l?
2
Suppose 0 = -4*j - 119 + 279. What is the tens digit of j?
4
Let i = 9 - 15. Let n(b) = -21*b - 5. Let q(v) = 11*v + 3. Let g(l) = i*n(l) - 11*q(l). What is the units digit of g(2)?
7
Suppose p + 5*u = -4*p + 1295, -3*p + u + 785 = 0. What is the tens digit of p?
6
Suppose -4*u - 26 = -10. Let y be 27*2*2/u. Let m = -12 - y. What is the units digit of m?
5
Suppose -6 = 2*j - 2. Let o = j + 15. Let r = 2 + o. What is the units digit of r?
5
Suppose -2*c + 94 = -3*o + 319, 5*o + 2*c = 391. Suppose -35 - o = -4*t. What is the units digit of t?
8
Let u(k) = k**3 + 7*k**2 - 12*k - 27. What is the units digit of u(-7)?
7
Let y(l) = -l**2 + 13*l + 18. What is the units digit of y(14)?
4
Let u be 0*4/(-16)*1. Suppose a + 3*v - 7*v = u, 27 = a + 5*v. What is the tens digit of a?
1
Suppose 5*n + 5 = 15. What is the units digit of 33/n - 7/(-14)?
7
Suppose 4*p - 5*z - 23 = 0, -z - 22 = -2*p - 3. Suppose s + 3*s + p = 2*f, 0 = 5*s - 3*f + 14. Let a(m) = -m**2 - 3*m + 5. What is the units digit of a(s)?
1
Let x = 269 + -189. What is the tens digit of x?
8
Let z(k) = -2*k**2 + 3. Let j be z(-5). Let i = 72 + j. What is the units digit of i?
5
Let n = -4 + 3. Let i be 5 - 2 - (-1 - n). Suppose -i + 1 = -2*z. What is the units digit of z?
1
Let k(y) be the third derivative of -y**6/60 + y**3/6 - 3*y**2. What is the units digit of k(-1)?
3
Let f(v) = v**2 - 2*v - 2. Let s be f(-2). What is the units digit of ((-1)/(-2))/(3/s)?
1
Suppose 4*j + 0*j = 24. Suppose 2 - 14 = -3*y. Suppose j = 2*l - y. What is the units digit of l?
5
Let a = -2 + 3. Let m(g) = g**2 + g - 1. What is the units digit of m(a)?
1
Suppose -46 = -c + h, 2*c - c - 2*h - 42 = 0. Suppose 7*j - c = 2*j. What is the tens digit of j?
1
Let x(d) = 2*d**2 - 9*d - 3. What is the units digit of x(-8)?
7
Let a(c) = -c**3 + 8*c**2 - 7*c - 2. Let h be a(7). Let u be 3/h*(-2)/(-1). Let y(t) = t**3 + 2*t**2 - 4*t. What is the units digit of y(u)?
3
Let h be 948/11 + (-8)/44. Suppose -h = -4*o + 2*o. What is the tens digit of o?
4
Let d = 0 - 0. Suppose d = q - 4, -4*j = 2*q - q - 4. Suppose -3*i + 8*i - 10 = j. What is the units digit of i?
2
Suppose 10 = 5*y - 210. What is the units digit of y?
4
Suppose -2*k + 2*o = 12, -3*k + 3*o - 23 = -o. What is the tens digit of (9 - 0) + (0 - k)?
1
Let x(r) = -r**3 - 2*r**2 - 7*r**2 + 3*r**2 - 2*r - 8. Let n be x(-6). Suppose n*v - 10 = 26. What is the units digit of v?
9
Suppose 453 = 3*h - 216. What is the units digit of h?
3
Let t = -4 - -4. Suppose t - 2 = -z. What is the units digit of z?
2
Let j(z) = z**3 - 3*z**2 - 2*z + 3. Suppose 3*i + i = 12. Let d be j(i). What is the units digit of 9 + (-1 - d) + 2?
3
Let z = 55 + -35. Suppose 0 = 4*w + z, -5*o - w = -4 - 1. What is the units digit of (-148)/(-28) + o/(-7)?
5
Let i(u) = -u**2 + u + 1. Let p(k) = 39*k**2 - 3*k - 5. Let s(a) = 4*i(a) + p(a). Let t be s(1). Suppose 4*n - t = 1. What is the units digit of n?
9
Let g(t) be the first derivative of t**3/3 + 2*t**2 - 6*t + 3. Suppose -2*x - 9 = 3. What is the units digit of g(x)?
6
Suppose 3*p = 6*p - 126. Let m = 62 - p. What is the units digit of m?
0
Suppose o - 4 = -o. Suppose 5*s - 3*s - 4*k = 26, -o*k - 81 = -5*s. What is the units digit of s?
7
Suppose 0 = -4*w + 4*t + 32, -2*w = -3*t - 15 - 3. Let q(b) = 5*b - b**3 + 6*b**2 - w*b - 3 - b**2. What is the units digit of q(4)?
9
Let i = 25 - 20. Suppose -i*h - 5*t + 200 = 0, -2*h + 122 = h + 2*t. What is the units digit of h?
2
Suppose w - 4*z = 5 - 1, 4*w - 16 = -2*z. Let d = -3 + w. Let a = d - -5. What is the units digit of a?
6
What is the units digit of -8*(-1 - 3/2)?
0
Suppose -4*q = 3*h + 7, -2*h - 2*q - 4 = -0. Let g(d) = 4*d. Let x be g(2). Let p = x + h. What is the units digit of p?
7
Suppose -145 - 68 = -3*o. What is the units digit of o?
1
Let k = 15 - -13. Let c = -16 + k. What is the units digit of c?
2
Suppose -3*x = -4*x + 7. Let l = 5 + x. What is the units digit of l?
2
Let z(x) = -x + 1. Let d(u) = u - 3. Let y(v) = -d(v) - 6*z(v). Let w be -1 + 2/((-2)/(-3)). What is the units digit of y(w)?
7
Let j = 65 - -34. What is the units digit of j?
9
Let i(y) = -y - 3. Let j(o) = 2*o + 7. Let k(r) = -13*i(r) - 6*j(r). Let s(a) = -a + 3. Let b(q) = -4*k(q) - 3*s(q). What is the units digit of b(-4)?
7
Suppose -m + 93 = -5*m - k, 4*k - 84 = 3*m. What is the tens digit of 2/(-8) + (-1134)/m?
4
Let p(o) = 18*o - 8. What is the hundreds digit of p(6)?
1
Suppose 10*q = 5*q - 5*p, 2*q = -4*p - 4. Suppose b + q = 3*b. What is the units digit of b?
1
Suppose -j - 2*q - 3 = -1, 5*q + 17 = -4*j. Let s(r) = -r**2 - 8*r + 1. What is the units digit of s(j)?
1
Let u = 9 + 1. Suppose 0*y - 5*o + 12 = -2*y, 0 = -5*y + o - 30. Let m = y + u. What is the units digit of m?
4
Suppose 2*z + 1 = 5. Suppose 0 = -4*k + z*b - 34, -3*k + 4*b = -b + 15. What is the units digit of k/1*6/(-12)?
5
Suppose -5*s = -5 - 10. Suppose -2*j = -3*j + s. What is the units digit of j?
3
Suppose -2*i - i + 144 = 0. Let w = 19 - 21. What is the tens digit of i/w*(-4)/8?
1
Let a = -37 + 65. Suppose -3*p + 35 + a = 0. What is the units digit of p?
1
Let w(n) = n**3 - n**2 - n + 3. Let h be w(0). Suppose 2*l - 17 - 47 = -h*d, l - 77 = -4*d. What is the units digit of d?
8
Let m(z) = -z**3 - 5*z**2 + 7*z + 7. Let u be m(-6). What is the units digit of 10/((0 + u)/1)?
0
Let u = 18 + -9. What is the units digit of u?
9
Let s be (0 + 1)*10/2. Suppose -s*l + 156 = l. What is the tens digit of l?
2
Let s = -18 - -29. What is the units digit of s?
1
Let l = -21 - -25. Suppose 29 - 161 = -l*j. What is the tens digit of j?
3
Suppose -5*u + 46 = 11. Let b(k) = k - 2. Let x be b(u). Suppose 0 = -x*h + h + 2*c, 6 = -h + 2*c. What is the units digit of h?
2
What is the tens digit of -22*1*-1 + -1?
2
What is the units digit of 71 - (-15)/20*-4?
8
Suppose 0 = -2*w + 1 + 9. Let d(c) = c**3 - 5*c**2 + 3. What is the units digit of d(w)?
3
What is the tens digit of (116/12)/(5/15)?
2
Let c = -319 + 467. What is the units digit of c?
8
Suppose -4 = -4*i, 13 = -q + 3*q - 3*i. Let p = 30 + q. What is the tens digit of p?
3
Let a = -1 - -4. Suppose a*q - 2*g = 4 - 1, 5*g = 0. What is the units digit of q?
1
Suppose -n = -0*n. Suppose -11 = -u + l + 14, -2*u - 5*l + 15 = n. What is the units digit of u?
0
Let q(k) = k + 4 - k - 4*k. Let t be q(-4). Suppose 0 = -h - h + t. What is the units digit of h?
0
Suppose -2*l + 47 = 5*v, -5*l = -l + 3*v - 115. What is the units digit of l?
1
Let n(d) = d**2 - 7. What is the tens digit of n(-9)?
7
What is the units digit of (4 + -2)*3/6*71?
1
Let a be 366/16 + 3/24. What is the units digit of 0 - (-3)/(3/a)?
3
Let l(x) = -3*x - 4. Suppose 4*c - d - 181 = 0, -5*d = 3*c - d - 150. Let o be c/(-14) + (-4)/(-14). What is the units digit of l(o)?
5
Let k be (6/10)/(9/315). Let u be (k/(-28))/((-1)/4). Suppose 0 = -2*c - 5*x + 22, u*x = -3*c + 25 + 8. What is the units digit of c?
1
Suppose -32 + 0 = -3*h + 4*q, 4*h + q = 30. What is the units digit of h?
8
Let g(f) be the first derivative of 3*f**2/2 - 16*f + 3. What is the units digit of g(7